{"id":1396,"date":"2012-09-30T23:51:06","date_gmt":"2012-09-30T22:51:06","guid":{"rendered":"https:\/\/projeteducatifniger.org\/?page_id=1396"},"modified":"2012-09-30T23:51:06","modified_gmt":"2012-09-30T21:51:06","slug":"accion-de-solidaridad","status":"publish","type":"page","link":"https:\/\/projeteducatifniger.org\/es\/objetivos-pedagogicos\/las-actividades-pedagogicas\/accion-de-solidaridad\/","title":{"rendered":"Acci\u00f3n de solidaridad"},"content":{"rendered":"<div id=\"attachment_345\" style=\"width: 160px\" class=\"wp-caption alignright\"><a href=\"http:\/\/www.projeteducatifniger.org\/accueil\/wp-content\/uploads\/calendrier_2011.jpg\"><img loading=\"lazy\" decoding=\"async\" aria-describedby=\"caption-attachment-345\" class=\"size-thumbnail wp-image-345 \" style=\"border-width: 2px; border-color: black; border-style: solid; margin: 2px;\" title=\"calendrier_2011\" src=\"http:\/\/www.projeteducatifniger.org\/accueil\/wp-content\/uploads\/calendrier_2011-150x150.jpg\" alt=\"\" width=\"150\" height=\"150\" srcset=\"https:\/\/projeteducatifniger.org\/wp-content\/uploads\/calendrier_2011-150x150.jpg 150w, https:\/\/projeteducatifniger.org\/wp-content\/uploads\/calendrier_2011-30x30.jpg 30w\" sizes=\"(max-width: 150px) 100vw, 150px\" \/><\/a><p id=\"caption-attachment-345\" class=\"wp-caption-text\">Calendario 2011<\/p><\/div>\n<p>El descubrimiento de una gran disparidad en los niveles de vida, verdadera revelaci\u00f3n para muchos ni\u00f1os, despierta en ellos muchas emociones y el deseo de participar activamente en una acci\u00f3n de solidaridad destinada a sus alumnos correspondientes en las escuelas del N\u00edger.<\/p>\n<p>Por ello, desde el principio, se ha organizado una venta de calendarios realizados por los alumnos de las escuelas europeas implicadas.<\/p>\n<p>Los fondos recaudados gracias a la venta de los calendarios permiten financiar la compra de material escolar y poner en marcha los programas descritos en el proyecto seg\u00fan la lista elaborada en colaboraci\u00f3n con los asociados nigerinos.<\/p>\n<p>&nbsp;<\/p>\n<p style=\"text-align: center;\"><a href=\"http:\/\/www.projeteducatifniger.org\/accueil\/wp-content\/uploads\/solidarit\u00e91.jpg\"><img loading=\"lazy\" decoding=\"async\" class=\"aligncenter size-full wp-image-346\" style=\"border-width: 2px; border-color: black; border-style: solid;\" title=\"solidarit\u00e91\" src=\"http:\/\/www.projeteducatifniger.org\/accueil\/wp-content\/uploads\/solidarit\u00e91.jpg\" alt=\"\" width=\"260\" height=\"173\" \/><\/a><\/p>\n<div id=\"wrc-float-icon\" style=\"position: fixed; z-index: 2147483646; left: 15px; top: 15px; width: 42px; height: 42px; background-image: url('safari-extension:\/\/com.avast.wrc-6H4HRTU5E3\/9d5a30bf\/images\/float\/grey-0.png'); display: none;\"><\/div>\n","protected":false},"excerpt":{"rendered":"<p>El descubrimiento de una gran disparidad en los niveles de vida, verdadera revelaci\u00f3n para muchos ni\u00f1os, despierta en ellos muchas emociones y el deseo de participar activamente en una acci\u00f3n de solidaridad destinada a sus alumnos correspondientes en las escuelas del N\u00edger. Por ello, desde el principio, se ha organizado una venta de calendarios realizados [&hellip;]<\/p>\n","protected":false},"author":1,"featured_media":0,"parent":1392,"menu_order":0,"comment_status":"closed","ping_status":"open","template":"","meta":{"_et_pb_use_builder":"","_et_pb_old_content":"","_et_gb_content_width":"","footnotes":""},"class_list":["post-1396","page","type-page","status-publish","hentry"],"_links":{"self":[{"href":"https:\/\/projeteducatifniger.org\/es\/wp-json\/wp\/v2\/pages\/1396","targetHints":{"allow":["GET"]}}],"collection":[{"href":"https:\/\/projeteducatifniger.org\/es\/wp-json\/wp\/v2\/pages"}],"about":[{"href":"https:\/\/projeteducatifniger.org\/es\/wp-json\/wp\/v2\/types\/page"}],"author":[{"embeddable":true,"href":"https:\/\/projeteducatifniger.org\/es\/wp-json\/wp\/v2\/users\/1"}],"replies":[{"embeddable":true,"href":"https:\/\/projeteducatifniger.org\/es\/wp-json\/wp\/v2\/comments?post=1396"}],"version-history":[{"count":0,"href":"https:\/\/projeteducatifniger.org\/es\/wp-json\/wp\/v2\/pages\/1396\/revisions"}],"up":[{"embeddable":true,"href":"https:\/\/projeteducatifniger.org\/es\/wp-json\/wp\/v2\/pages\/1392"}],"wp:attachment":[{"href":"https:\/\/projeteducatifniger.org\/es\/wp-json\/wp\/v2\/media?parent=1396"}],"curies":[{"name":"wp","href":"https:\/\/api.w.org\/{rel}","templated":true}]}}

Acción de solidaridad

<div id="attachment_345" style="width: 160px" class="wp-caption alignright"><a href="http://www.projeteducatifniger.org/accueil/wp-content/uploads/calendrier_2011.jpg"><img loading="lazy" decoding="async" aria-describedby="caption-attachment-345" class="size-thumbnail wp-image-345 " style="border-width: 2px; border-color: black; border-style: solid; margin: 2px;" title="calendrier_2011" src="http://www.projeteducatifniger.org/accueil/wp-content/uploads/calendrier_2011-150x150.jpg" alt="" width="150" height="150" srcset="https://projeteducatifniger.org/wp-content/uploads/calendrier_2011-150x150.jpg 150w, https://projeteducatifniger.org/wp-content/uploads/calendrier_2011-30x30.jpg 30w" sizes="(max-width: 150px) 100vw, 150px" /></a><p id="caption-attachment-345" class="wp-caption-text">Calendario 2011</p></div>
<p>El descubrimiento de una gran disparidad en los niveles de vida, verdadera revelación para muchos niños, despierta en ellos muchas emociones y el deseo de participar activamente en una acción de solidaridad destinada a sus alumnos correspondientes en las escuelas del Níger.</p>
<p>Por ello, desde el principio, se ha organizado una venta de calendarios realizados por los alumnos de las escuelas europeas implicadas.</p>
<p>Los fondos recaudados gracias a la venta de los calendarios permiten financiar la compra de material escolar y poner en marcha los programas descritos en el proyecto según la lista elaborada en colaboración con los asociados nigerinos.</p>
<p>&nbsp;</p>
<p style="text-align: center;"><a href="http://www.projeteducatifniger.org/accueil/wp-content/uploads/solidarité1.jpg"><img loading="lazy" decoding="async" class="aligncenter size-full wp-image-346" style="border-width: 2px; border-color: black; border-style: solid;" title="solidarité1" src="http://www.projeteducatifniger.org/accueil/wp-content/uploads/solidarité1.jpg" alt="" width="260" height="173" /></a></p>
<div id="wrc-float-icon" style="position: fixed; z-index: 2147483646; left: 15px; top: 15px; width: 42px; height: 42px; background-image: url('safari-extension://com.avast.wrc-6H4HRTU5E3/9d5a30bf/images/float/grey-0.png'); display: none;"></div>

<p>El descubrimiento de una gran disparidad en los niveles de vida, verdadera revelación para muchos niños, despierta en ellos muchas emociones y el deseo de participar activamente en una acción de solidaridad destinada a sus alumnos correspondientes en las escuelas del Níger. Por ello, desde el principio, se ha organizado una venta de calendarios realizados [&hellip;]</p>
