{"id":1390,"date":"2012-09-30T23:45:53","date_gmt":"2012-09-30T22:45:53","guid":{"rendered":"https:\/\/projeteducatifniger.org\/?page_id=1390"},"modified":"2012-09-30T23:45:53","modified_gmt":"2012-09-30T21:45:53","slug":"los-contenidos-pedagogicos","status":"publish","type":"page","link":"https:\/\/projeteducatifniger.org\/es\/objetivos-pedagogicos\/los-contenidos-pedagogicos\/","title":{"rendered":"Los contenidos pedag\u00f3gicos"},"content":{"rendered":"<p><span style=\"text-decoration: underline;\"><\/p>\n<p><\/span><\/p>\n<h2>\u00abEl dominio del Idioma y la Educaci\u00f3n para la ciudadan\u00eda\u00bb<\/h2>\n<p style=\"text-align: justify;\"><a href=\"http:\/\/www.projeteducatifniger.org\/accueil\/wp-content\/uploads\/contenu-pedagogique1.jpg\"><img loading=\"lazy\" decoding=\"async\" class=\"alignright size-full wp-image-339\" style=\"border-width: 2px; border-color: black; border-style: solid; margin: 4px;\" title=\"contenu-pedagogique1\" src=\"http:\/\/www.projeteducatifniger.org\/accueil\/wp-content\/uploads\/contenu-pedagogique1.jpg\" alt=\"\" width=\"361\" height=\"236\" srcset=\"https:\/\/projeteducatifniger.org\/wp-content\/uploads\/contenu-pedagogique1.jpg 361w, https:\/\/projeteducatifniger.org\/wp-content\/uploads\/contenu-pedagogique1-300x196.jpg 300w\" sizes=\"(max-width: 361px) 100vw, 361px\" \/><\/a>A continuaci\u00f3n vienen expuestos a t\u00edtulo indicativo algunos de los contenidos que este proyecto permite desarrollar con los alumnos de Primaria. La clasificaci\u00f3n es meramente indicativa.<\/p>\n<p><strong>Estudio de la Lengua \u2013 Expresi\u00f3n oral y escrita \u2013 Literatura\u00a0:<\/strong> la carta, los cuestionarios, las entrevistas y grabaciones de textos (utilizaci\u00f3n del magnet\u00f3fono), los cuentos, las adivinanzas\u2026<\/p>\n<p><strong>Historia<\/strong> comparada entre Europa y \u00c1frica, los or\u00edgenes hist\u00f3ricos\u00a0 (aprendizaje oral), el comercio triangular (la trata de esclavos), la colonizaci\u00f3n\u2026.<strong> <\/strong><\/p>\n<p><strong>Geograf\u00eda<\/strong>: la cartograf\u00eda, el globo terrestre, les climas, pa\u00edses ricos y pa\u00edses pobres, los transportes, la arquitectura, el comercio, la pesca, la industria, la artesan\u00eda, las materias primas y la energ\u00eda, el espacio franc\u00f3fono, las relaciones Norte-Sur\u2026<\/p>\n<p><strong>Matem\u00e1ticas:<\/strong>\u00a0Las distancias, escalas, horarios, c\u00e1lculo (gesti\u00f3n financiera del proyecto), geometr\u00eda a partir de motivos decorativos tradicionales de cer\u00e1mica, trenzado, telas\u2026<\/p>\n<p>&nbsp;<\/p>\n<div id=\"attachment_340\" style=\"width: 380px\" class=\"wp-caption alignleft\"><a href=\"http:\/\/www.projeteducatifniger.org\/accueil\/wp-content\/uploads\/contenu-pedagogique3.jpg\"><img loading=\"lazy\" decoding=\"async\" aria-describedby=\"caption-attachment-340\" class=\"size-full wp-image-340  \" style=\"border-width: 2px; border-color: black; border-style: solid; margin: 2px;\" title=\"contenu-pedagogique3\" src=\"http:\/\/www.projeteducatifniger.org\/accueil\/wp-content\/uploads\/contenu-pedagogique3.jpg\" alt=\"\" width=\"370\" height=\"250\" srcset=\"https:\/\/projeteducatifniger.org\/wp-content\/uploads\/contenu-pedagogique3.jpg 370w, https:\/\/projeteducatifniger.org\/wp-content\/uploads\/contenu-pedagogique3-300x202.jpg 300w\" sizes=\"(max-width: 370px) 100vw, 370px\" \/><\/a><p id=\"caption-attachment-340\" class=\"wp-caption-text\"><em><em>Taller de trenzado<\/em><\/em><\/p><\/div>\n<p><strong>Ciencias y Tecnolog\u00eda<\/strong>: La fauna y flora, la energ\u00eda solar, horno y calentador de agua solares, las estaciones, peque\u00f1as realizaciones en adobe (tierra, agua, paja)\u2026<\/p>\n<p><strong>Artes visuales y M\u00fasica<\/strong>: Descubrimiento de la escultura africana y su influencia\u00a0 en el arte moderno occidental, realizaciones art\u00edsticas a partir de motivos decorativos de telas, de cer\u00e1mica, de arquitectura. Descubrimiento de m\u00fasicas africanas, cantos, ritmos, canciones infantiles\u2026<\/p>\n<p><strong>Educaci\u00f3n F\u00edsica y Deportiva<\/strong>: Bailes y juegos tradicionales\u2026<\/p>\n<p><strong>Educaci\u00f3n a la ciudadan\u00eda<\/strong>: Descubrimiento del pr\u00f3jimo, respeto de las diferencias, el espacio franc\u00f3fono, relaciones Norte-Sur, acci\u00f3n de solidaridad\u2026<\/p>\n<p>&nbsp;<\/p>\n<div id=\"attachment_336\" style=\"width: 343px\" class=\"wp-caption aligncenter\"><a href=\"http:\/\/www.projeteducatifniger.org\/accueil\/wp-content\/uploads\/contenu-peda2.jpg\"><img loading=\"lazy\" decoding=\"async\" aria-describedby=\"caption-attachment-336\" class=\"size-full wp-image-336 \" style=\"border-width: 2px; border-color: black; border-style: solid; margin: 4px;\" title=\"contenu-pedagogique2\" src=\"http:\/\/www.projeteducatifniger.org\/accueil\/wp-content\/uploads\/contenu-peda2.jpg\" alt=\"\" width=\"333\" height=\"222\" srcset=\"https:\/\/projeteducatifniger.org\/wp-content\/uploads\/contenu-peda2.jpg 333w, https:\/\/projeteducatifniger.org\/wp-content\/uploads\/contenu-peda2-300x200.jpg 300w\" sizes=\"(max-width: 333px) 100vw, 333px\" \/><\/a><p id=\"caption-attachment-336\" class=\"wp-caption-text\"><em><em>Baile local<\/em><\/em><\/p><\/div>\n<div id=\"wrc-float-icon\" style=\"position: fixed; z-index: 2147483646; left: 15px; top: 15px; width: 42px; height: 42px; background-image: url('safari-extension:\/\/com.avast.wrc-6H4HRTU5E3\/a36e99a9\/images\/float\/grey-0.png'); display: none;\"><\/div>\n","protected":false},"excerpt":{"rendered":"<p>\u00abEl dominio del Idioma y la Educaci\u00f3n para la ciudadan\u00eda\u00bb A continuaci\u00f3n vienen expuestos a t\u00edtulo indicativo algunos de los contenidos que este proyecto permite desarrollar con los alumnos de Primaria. La clasificaci\u00f3n es meramente indicativa. Estudio de la Lengua \u2013 Expresi\u00f3n oral y escrita \u2013 Literatura\u00a0: la carta, los cuestionarios, las entrevistas y grabaciones [&hellip;]<\/p>\n","protected":false},"author":1,"featured_media":0,"parent":1368,"menu_order":0,"comment_status":"closed","ping_status":"open","template":"","meta":{"_et_pb_use_builder":"","_et_pb_old_content":"","_et_gb_content_width":"","footnotes":""},"class_list":["post-1390","page","type-page","status-publish","hentry"],"_links":{"self":[{"href":"https:\/\/projeteducatifniger.org\/es\/wp-json\/wp\/v2\/pages\/1390","targetHints":{"allow":["GET"]}}],"collection":[{"href":"https:\/\/projeteducatifniger.org\/es\/wp-json\/wp\/v2\/pages"}],"about":[{"href":"https:\/\/projeteducatifniger.org\/es\/wp-json\/wp\/v2\/types\/page"}],"author":[{"embeddable":true,"href":"https:\/\/projeteducatifniger.org\/es\/wp-json\/wp\/v2\/users\/1"}],"replies":[{"embeddable":true,"href":"https:\/\/projeteducatifniger.org\/es\/wp-json\/wp\/v2\/comments?post=1390"}],"version-history":[{"count":0,"href":"https:\/\/projeteducatifniger.org\/es\/wp-json\/wp\/v2\/pages\/1390\/revisions"}],"up":[{"embeddable":true,"href":"https:\/\/projeteducatifniger.org\/es\/wp-json\/wp\/v2\/pages\/1368"}],"wp:attachment":[{"href":"https:\/\/projeteducatifniger.org\/es\/wp-json\/wp\/v2\/media?parent=1390"}],"curies":[{"name":"wp","href":"https:\/\/api.w.org\/{rel}","templated":true}]}}

Los contenidos pedagógicos

<p><span style="text-decoration: underline;"></p>
<p></span></p>
<h2>«El dominio del Idioma y la Educación para la ciudadanía»</h2>
<p style="text-align: justify;"><a href="http://www.projeteducatifniger.org/accueil/wp-content/uploads/contenu-pedagogique1.jpg"><img loading="lazy" decoding="async" class="alignright size-full wp-image-339" style="border-width: 2px; border-color: black; border-style: solid; margin: 4px;" title="contenu-pedagogique1" src="http://www.projeteducatifniger.org/accueil/wp-content/uploads/contenu-pedagogique1.jpg" alt="" width="361" height="236" srcset="https://projeteducatifniger.org/wp-content/uploads/contenu-pedagogique1.jpg 361w, https://projeteducatifniger.org/wp-content/uploads/contenu-pedagogique1-300x196.jpg 300w" sizes="(max-width: 361px) 100vw, 361px" /></a>A continuación vienen expuestos a título indicativo algunos de los contenidos que este proyecto permite desarrollar con los alumnos de Primaria. La clasificación es meramente indicativa.</p>
<p><strong>Estudio de la Lengua – Expresión oral y escrita – Literatura :</strong> la carta, los cuestionarios, las entrevistas y grabaciones de textos (utilización del magnetófono), los cuentos, las adivinanzas…</p>
<p><strong>Historia</strong> comparada entre Europa y África, los orígenes históricos  (aprendizaje oral), el comercio triangular (la trata de esclavos), la colonización….<strong> </strong></p>
<p><strong>Geografía</strong>: la cartografía, el globo terrestre, les climas, países ricos y países pobres, los transportes, la arquitectura, el comercio, la pesca, la industria, la artesanía, las materias primas y la energía, el espacio francófono, las relaciones Norte-Sur…</p>
<p><strong>Matemáticas:</strong> Las distancias, escalas, horarios, cálculo (gestión financiera del proyecto), geometría a partir de motivos decorativos tradicionales de cerámica, trenzado, telas…</p>
<p>&nbsp;</p>
<div id="attachment_340" style="width: 380px" class="wp-caption alignleft"><a href="http://www.projeteducatifniger.org/accueil/wp-content/uploads/contenu-pedagogique3.jpg"><img loading="lazy" decoding="async" aria-describedby="caption-attachment-340" class="size-full wp-image-340  " style="border-width: 2px; border-color: black; border-style: solid; margin: 2px;" title="contenu-pedagogique3" src="http://www.projeteducatifniger.org/accueil/wp-content/uploads/contenu-pedagogique3.jpg" alt="" width="370" height="250" srcset="https://projeteducatifniger.org/wp-content/uploads/contenu-pedagogique3.jpg 370w, https://projeteducatifniger.org/wp-content/uploads/contenu-pedagogique3-300x202.jpg 300w" sizes="(max-width: 370px) 100vw, 370px" /></a><p id="caption-attachment-340" class="wp-caption-text"><em><em>Taller de trenzado</em></em></p></div>
<p><strong>Ciencias y Tecnología</strong>: La fauna y flora, la energía solar, horno y calentador de agua solares, las estaciones, pequeñas realizaciones en adobe (tierra, agua, paja)…</p>
<p><strong>Artes visuales y Música</strong>: Descubrimiento de la escultura africana y su influencia  en el arte moderno occidental, realizaciones artísticas a partir de motivos decorativos de telas, de cerámica, de arquitectura. Descubrimiento de músicas africanas, cantos, ritmos, canciones infantiles…</p>
<p><strong>Educación Física y Deportiva</strong>: Bailes y juegos tradicionales…</p>
<p><strong>Educación a la ciudadanía</strong>: Descubrimiento del prójimo, respeto de las diferencias, el espacio francófono, relaciones Norte-Sur, acción de solidaridad…</p>
<p>&nbsp;</p>
<div id="attachment_336" style="width: 343px" class="wp-caption aligncenter"><a href="http://www.projeteducatifniger.org/accueil/wp-content/uploads/contenu-peda2.jpg"><img loading="lazy" decoding="async" aria-describedby="caption-attachment-336" class="size-full wp-image-336 " style="border-width: 2px; border-color: black; border-style: solid; margin: 4px;" title="contenu-pedagogique2" src="http://www.projeteducatifniger.org/accueil/wp-content/uploads/contenu-peda2.jpg" alt="" width="333" height="222" srcset="https://projeteducatifniger.org/wp-content/uploads/contenu-peda2.jpg 333w, https://projeteducatifniger.org/wp-content/uploads/contenu-peda2-300x200.jpg 300w" sizes="(max-width: 333px) 100vw, 333px" /></a><p id="caption-attachment-336" class="wp-caption-text"><em><em>Baile local</em></em></p></div>
<div id="wrc-float-icon" style="position: fixed; z-index: 2147483646; left: 15px; top: 15px; width: 42px; height: 42px; background-image: url('safari-extension://com.avast.wrc-6H4HRTU5E3/a36e99a9/images/float/grey-0.png'); display: none;"></div>

<p>«El dominio del Idioma y la Educación para la ciudadanía» A continuación vienen expuestos a título indicativo algunos de los contenidos que este proyecto permite desarrollar con los alumnos de Primaria. La clasificación es meramente indicativa. Estudio de la Lengua – Expresión oral y escrita – Literatura : la carta, los cuestionarios, las entrevistas y grabaciones [&hellip;]</p>
