{"id":1378,"date":"2012-09-06T10:22:14","date_gmt":"2012-09-06T09:22:14","guid":{"rendered":"https:\/\/projeteducatifniger.org\/?page_id=1378"},"modified":"2012-09-06T10:22:14","modified_gmt":"2012-09-06T08:22:14","slug":"creacion-de-un-huerto-escolar","status":"publish","type":"page","link":"https:\/\/projeteducatifniger.org\/es\/acciones-llevadas-a-cabo\/creacion-de-un-huerto-escolar\/","title":{"rendered":"Creaci\u00f3n de un huerto escolar"},"content":{"rendered":"<div id=\"attachment_263\" style=\"width: 235px\" class=\"wp-caption alignright\"><a href=\"http:\/\/www.projeteducatifniger.org\/accueil\/wp-content\/uploads\/verger1.jpg\"><img loading=\"lazy\" decoding=\"async\" aria-describedby=\"caption-attachment-263\" class=\"size-full wp-image-263 \" style=\"border-width: 2px; border-color: black; border-style: solid; margin: 4px;\" title=\"verger1\" src=\"http:\/\/www.projeteducatifniger.org\/accueil\/wp-content\/uploads\/verger1.jpg\" alt=\"\" width=\"225\" height=\"236\" srcset=\"https:\/\/projeteducatifniger.org\/wp-content\/uploads\/verger1.jpg 225w, https:\/\/projeteducatifniger.org\/wp-content\/uploads\/verger1-30x30.jpg 30w\" sizes=\"(max-width: 225px) 100vw, 225px\" \/><\/a><p id=\"caption-attachment-263\" class=\"wp-caption-text\"><em><em>Colocaci\u00f3n de la alambrada del huerto<\/em><\/em><\/p><\/div>\n<p>Gracias a los fondos recaudados por la acci\u00f3n solidaria del a\u00f1o 2006-2007 se han podido comprar 300 metros de alambre. Los vecinos de Tessa lo han colocado para crear un huerto, y desde entonces se han plantado 58 \u00e1rboles frutales (limoneros, mangos, azufaifos\u2026)<\/p>\n<p>Tambi\u00e9n se pudo hacer cargo de los gastos del mantenimiento del huerto (abono, herramientas&#8230;)<\/p>\n<p>&nbsp;<\/p>\n<div id=\"attachment_268\" style=\"width: 282px\" class=\"wp-caption alignnone\"><a href=\"http:\/\/www.projeteducatifniger.org\/accueil\/wp-content\/uploads\/verger6.jpg\"><img loading=\"lazy\" decoding=\"async\" aria-describedby=\"caption-attachment-268\" class=\"size-full wp-image-268 \" style=\"border-width: 2px; border-color: black; border-style: solid; margin: 4px;\" title=\"verger6\" src=\"http:\/\/www.projeteducatifniger.org\/accueil\/wp-content\/uploads\/verger6.jpg\" alt=\"\" width=\"272\" height=\"181\" \/><\/a><p id=\"caption-attachment-268\" class=\"wp-caption-text\"><em><em>Huerto de Tessa<\/em><\/em><\/p><\/div>\n<p><strong>2007<\/strong>\u00a0\u2013 Los \u00e1rboles frutales del huerto de Tessa siguen creciendo.<\/p>\n<p>Otros dos huertos han sido plantados: una en Mamandeye y otra en Alassandeye.<\/p>\n<p><strong>2008<\/strong>\u00a0\u2013 Conforme con los programas escolares de N\u00edger, los ni\u00f1os y sus profesores se encargar\u00e1n del mantenimiento de los tres huertos que hemos plantado. Beneficiar\u00e1n de un apoyo t\u00e9cnico y de los consejos de un ingeniero agr\u00f3nomo que trabaja para la Cooperaci\u00f3n Luxemburguesa.<\/p>\n<p>En el futuro, los frutos ir\u00e1n destinados a su consumo para los ni\u00f1os y el excedente ser\u00e1 vendido para el beneficio de las escuelas.<\/p>\n<div id=\"attachment_267\" style=\"width: 246px\" class=\"wp-caption aligncenter\"><a href=\"http:\/\/www.projeteducatifniger.org\/accueil\/wp-content\/uploads\/verger5.jpg\"><img loading=\"lazy\" decoding=\"async\" aria-describedby=\"caption-attachment-267\" class=\"size-full wp-image-267 \" style=\"border-width: 2px; border-color: black; border-style: solid;\" title=\"verger5\" src=\"http:\/\/www.projeteducatifniger.org\/accueil\/wp-content\/uploads\/verger5.jpg\" alt=\"\" width=\"236\" height=\"157\" \/><\/a><p id=\"caption-attachment-267\" class=\"wp-caption-text\"><em><em>Plantaci\u00f3n de la huerta<\/em><\/em><\/p><\/div>\n<p style=\"text-align: center;\">\n","protected":false},"excerpt":{"rendered":"<p>Gracias a los fondos recaudados por la acci\u00f3n solidaria del a\u00f1o 2006-2007 se han podido comprar 300 metros de alambre. Los vecinos de Tessa lo han colocado para crear un huerto, y desde entonces se han plantado 58 \u00e1rboles frutales (limoneros, mangos, azufaifos\u2026) Tambi\u00e9n se pudo hacer cargo de los gastos del mantenimiento del huerto [&hellip;]<\/p>\n","protected":false},"author":1,"featured_media":0,"parent":1364,"menu_order":0,"comment_status":"closed","ping_status":"closed","template":"","meta":{"_et_pb_use_builder":"","_et_pb_old_content":"","_et_gb_content_width":"","footnotes":""},"class_list":["post-1378","page","type-page","status-publish","hentry"],"_links":{"self":[{"href":"https:\/\/projeteducatifniger.org\/es\/wp-json\/wp\/v2\/pages\/1378","targetHints":{"allow":["GET"]}}],"collection":[{"href":"https:\/\/projeteducatifniger.org\/es\/wp-json\/wp\/v2\/pages"}],"about":[{"href":"https:\/\/projeteducatifniger.org\/es\/wp-json\/wp\/v2\/types\/page"}],"author":[{"embeddable":true,"href":"https:\/\/projeteducatifniger.org\/es\/wp-json\/wp\/v2\/users\/1"}],"replies":[{"embeddable":true,"href":"https:\/\/projeteducatifniger.org\/es\/wp-json\/wp\/v2\/comments?post=1378"}],"version-history":[{"count":0,"href":"https:\/\/projeteducatifniger.org\/es\/wp-json\/wp\/v2\/pages\/1378\/revisions"}],"up":[{"embeddable":true,"href":"https:\/\/projeteducatifniger.org\/es\/wp-json\/wp\/v2\/pages\/1364"}],"wp:attachment":[{"href":"https:\/\/projeteducatifniger.org\/es\/wp-json\/wp\/v2\/media?parent=1378"}],"curies":[{"name":"wp","href":"https:\/\/api.w.org\/{rel}","templated":true}]}}

Creación de un huerto escolar

<div id="attachment_263" style="width: 235px" class="wp-caption alignright"><a href="http://www.projeteducatifniger.org/accueil/wp-content/uploads/verger1.jpg"><img loading="lazy" decoding="async" aria-describedby="caption-attachment-263" class="size-full wp-image-263 " style="border-width: 2px; border-color: black; border-style: solid; margin: 4px;" title="verger1" src="http://www.projeteducatifniger.org/accueil/wp-content/uploads/verger1.jpg" alt="" width="225" height="236" srcset="https://projeteducatifniger.org/wp-content/uploads/verger1.jpg 225w, https://projeteducatifniger.org/wp-content/uploads/verger1-30x30.jpg 30w" sizes="(max-width: 225px) 100vw, 225px" /></a><p id="caption-attachment-263" class="wp-caption-text"><em><em>Colocación de la alambrada del huerto</em></em></p></div>
<p>Gracias a los fondos recaudados por la acción solidaria del año 2006-2007 se han podido comprar 300 metros de alambre. Los vecinos de Tessa lo han colocado para crear un huerto, y desde entonces se han plantado 58 árboles frutales (limoneros, mangos, azufaifos…)</p>
<p>También se pudo hacer cargo de los gastos del mantenimiento del huerto (abono, herramientas&#8230;)</p>
<p>&nbsp;</p>
<div id="attachment_268" style="width: 282px" class="wp-caption alignnone"><a href="http://www.projeteducatifniger.org/accueil/wp-content/uploads/verger6.jpg"><img loading="lazy" decoding="async" aria-describedby="caption-attachment-268" class="size-full wp-image-268 " style="border-width: 2px; border-color: black; border-style: solid; margin: 4px;" title="verger6" src="http://www.projeteducatifniger.org/accueil/wp-content/uploads/verger6.jpg" alt="" width="272" height="181" /></a><p id="caption-attachment-268" class="wp-caption-text"><em><em>Huerto de Tessa</em></em></p></div>
<p><strong>2007</strong> – Los árboles frutales del huerto de Tessa siguen creciendo.</p>
<p>Otros dos huertos han sido plantados: una en Mamandeye y otra en Alassandeye.</p>
<p><strong>2008</strong> – Conforme con los programas escolares de Níger, los niños y sus profesores se encargarán del mantenimiento de los tres huertos que hemos plantado. Beneficiarán de un apoyo técnico y de los consejos de un ingeniero agrónomo que trabaja para la Cooperación Luxemburguesa.</p>
<p>En el futuro, los frutos irán destinados a su consumo para los niños y el excedente será vendido para el beneficio de las escuelas.</p>
<div id="attachment_267" style="width: 246px" class="wp-caption aligncenter"><a href="http://www.projeteducatifniger.org/accueil/wp-content/uploads/verger5.jpg"><img loading="lazy" decoding="async" aria-describedby="caption-attachment-267" class="size-full wp-image-267 " style="border-width: 2px; border-color: black; border-style: solid;" title="verger5" src="http://www.projeteducatifniger.org/accueil/wp-content/uploads/verger5.jpg" alt="" width="236" height="157" /></a><p id="caption-attachment-267" class="wp-caption-text"><em><em>Plantación de la huerta</em></em></p></div>
<p style="text-align: center;">

<p>Gracias a los fondos recaudados por la acción solidaria del año 2006-2007 se han podido comprar 300 metros de alambre. Los vecinos de Tessa lo han colocado para crear un huerto, y desde entonces se han plantado 58 árboles frutales (limoneros, mangos, azufaifos…) También se pudo hacer cargo de los gastos del mantenimiento del huerto [&hellip;]</p>
